{"id":860,"date":"2014-01-13T07:55:56","date_gmt":"2014-01-13T07:55:56","guid":{"rendered":"http:\/\/demo.wpcharming.com\/construction\/?post_type=portfolio&#038;p=450"},"modified":"2026-03-18T21:40:18","modified_gmt":"2026-03-18T21:40:18","slug":"galera-del-mar","status":"publish","type":"portfolio","link":"https:\/\/rabassa.ventana.plus\/val\/portfolio\/galera-del-mar\/","title":{"rendered":"Cangrill de mar"},"content":{"rendered":"<div class=\"wp-block-columns is-layout-flex wp-container-core-columns-is-layout-9d6595d7 wp-block-columns-is-layout-flex\">\n\n<div class=\"wp-block-column is-layout-flow wp-block-column-is-layout-flow\" style=\"flex-basis:60%\">\n\n<figure class=\"wp-block-gallery has-nested-images columns-3 is-cropped wp-block-gallery-1 is-layout-flex wp-block-gallery-is-layout-flex\">\n\n<figure class=\"wp-block-image\"><img decoding=\"async\" src=\"\/wp-content\/uploads\/2015\/02\/projecte01.jpg\" alt=\"Galera del Mar\"\/><\/figure>\n\n\n<figure class=\"wp-block-image\"><img decoding=\"async\" src=\"\/wp-content\/uploads\/2015\/02\/projecte02.jpg\" alt=\"Galera del Mar\"\/><\/figure>\n\n\n<figure class=\"wp-block-image\"><img decoding=\"async\" src=\"\/wp-content\/uploads\/2015\/02\/projecte03.jpg\" alt=\"Galera del Mar\"\/><\/figure>\n\n\n<figure class=\"wp-block-image\"><img decoding=\"async\" src=\"\/wp-content\/uploads\/2015\/02\/projecte04.jpg\" alt=\"Galera del Mar\"\/><\/figure>\n\n\n<figure class=\"wp-block-image\"><img decoding=\"async\" src=\"\/wp-content\/uploads\/2015\/02\/projecte05.jpg\" alt=\"Galera del Mar\"\/><\/figure>\n\n<\/figure>\n\n<\/div>\n\n\n<div class=\"wp-block-column is-layout-flow wp-block-column-is-layout-flow\" style=\"flex-basis:40%\">\n\n<h3 class=\"wp-block-heading\">Descripci\u00f3 del projecte<\/h3>\n\n\n<p><strong>Client<\/strong>: No disponible<br><strong>Localitzaci\u00f3<\/strong>: Altea<br><strong>\u00c0rea<\/strong>: 450 m\u00b2<br><strong>Finalitzat<\/strong>: 2014<br><strong>Valor<\/strong>: 200.000 \u20ac<\/p>\n\n\n<p>Proyecto de construcci\u00f3n i acabats en la zona de la Galera del Mar, Altea. Obra completa amb materials de primera qualitat i acabats artesanales.<\/p>\n\n<\/div>\n\n<\/div>","protected":false},"excerpt":{"rendered":"<p>Descripci\u00f3n del projecte Cliente: No disponibleLocalizaci\u00f3n: Altea\u00c1rea: 450 m\u00b2Finalizado: 2014Valor: 200.000 \u20ac projecte de construcci\u00f3n i acabats en la zona<\/p>","protected":false},"featured_media":1265,"menu_order":0,"comment_status":"open","ping_status":"closed","template":"","project-cat":[],"class_list":["post-860","portfolio","type-portfolio","status-publish","has-post-thumbnail","hentry"],"_links":{"self":[{"href":"https:\/\/rabassa.ventana.plus\/val\/wp-json\/wp\/v2\/portfolio\/860","targetHints":{"allow":["GET"]}}],"collection":[{"href":"https:\/\/rabassa.ventana.plus\/val\/wp-json\/wp\/v2\/portfolio"}],"about":[{"href":"https:\/\/rabassa.ventana.plus\/val\/wp-json\/wp\/v2\/types\/portfolio"}],"replies":[{"embeddable":true,"href":"https:\/\/rabassa.ventana.plus\/val\/wp-json\/wp\/v2\/comments?post=860"}],"wp:featuredmedia":[{"embeddable":true,"href":"https:\/\/rabassa.ventana.plus\/val\/wp-json\/wp\/v2\/media\/1265"}],"wp:attachment":[{"href":"https:\/\/rabassa.ventana.plus\/val\/wp-json\/wp\/v2\/media?parent=860"}],"wp:term":[{"taxonomy":"project-cat","embeddable":true,"href":"https:\/\/rabassa.ventana.plus\/val\/wp-json\/wp\/v2\/project-cat?post=860"}],"curies":[{"name":"wp","href":"https:\/\/api.w.org\/{rel}","templated":true}]}}

<div class="wp-block-columns is-layout-flex wp-container-core-columns-is-layout-9d6595d7 wp-block-columns-is-layout-flex">

<div class="wp-block-column is-layout-flow wp-block-column-is-layout-flow" style="flex-basis:60%">

<figure class="wp-block-gallery has-nested-images columns-3 is-cropped wp-block-gallery-1 is-layout-flex wp-block-gallery-is-layout-flex">

<figure class="wp-block-image"><img decoding="async" src="/wp-content/uploads/2015/02/projecte01.jpg" alt="Galera del Mar"/></figure>


<figure class="wp-block-image"><img decoding="async" src="/wp-content/uploads/2015/02/projecte02.jpg" alt="Galera del Mar"/></figure>


<figure class="wp-block-image"><img decoding="async" src="/wp-content/uploads/2015/02/projecte03.jpg" alt="Galera del Mar"/></figure>


<figure class="wp-block-image"><img decoding="async" src="/wp-content/uploads/2015/02/projecte04.jpg" alt="Galera del Mar"/></figure>


<figure class="wp-block-image"><img decoding="async" src="/wp-content/uploads/2015/02/projecte05.jpg" alt="Galera del Mar"/></figure>

</figure>

</div>


<div class="wp-block-column is-layout-flow wp-block-column-is-layout-flow" style="flex-basis:40%">

<h3 class="wp-block-heading">Descripció del projecte</h3>


<p><strong>Client</strong>: No disponible<br><strong>Localització</strong>: Altea<br><strong>Àrea</strong>: 450 m²<br><strong>Finalitzat</strong>: 2014<br><strong>Valor</strong>: 200.000 €</p>


<p>Proyecto de construcción i acabats en la zona de la Galera del Mar, Altea. Obra completa amb materials de primera qualitat i acabats artesanales.</p>

</div>

</div>

<p>Descripción del projecte Cliente: No disponibleLocalización: AlteaÁrea: 450 m²Finalizado: 2014Valor: 200.000 € projecte de construcción i acabats en la zona</p>
