{"id":373,"date":"2015-02-12T19:57:05","date_gmt":"2015-02-12T19:57:05","guid":{"rendered":"http:\/\/demo.wpcharming.com\/construction\/?post_type=portfolio&#038;p=373"},"modified":"2026-03-18T21:40:18","modified_gmt":"2026-03-18T21:40:18","slug":"hotel-la-serena","status":"publish","type":"portfolio","link":"https:\/\/rabassa.ventana.plus\/fr\/portfolio\/hotel-la-serena\/","title":{"rendered":"H\u00f4tel La Serena"},"content":{"rendered":"<div class=\"wp-block-columns is-layout-flex wp-container-core-columns-is-layout-9d6595d7 wp-block-columns-is-layout-flex\">\n\n<div class=\"wp-block-column is-layout-flow wp-block-column-is-layout-flow\" style=\"flex-basis:60%\">\n\n<figure class=\"wp-block-gallery has-nested-images columns-3 is-cropped wp-block-gallery-1 is-layout-flex wp-block-gallery-is-layout-flex\">\n\n<figure class=\"wp-block-image\"><img decoding=\"async\" src=\"\/wp-content\/uploads\/2015\/02\/serena01.jpg\" alt=\"Hotel La Serena\"\/><\/figure>\n\n\n<figure class=\"wp-block-image\"><img decoding=\"async\" src=\"\/wp-content\/uploads\/2015\/02\/serena02.jpg\" alt=\"Hotel La Serena\"\/><\/figure>\n\n\n<figure class=\"wp-block-image\"><img decoding=\"async\" src=\"\/wp-content\/uploads\/2015\/02\/serena03.jpg\" alt=\"Hotel La Serena\"\/><\/figure>\n\n\n<figure class=\"wp-block-image\"><img decoding=\"async\" src=\"\/wp-content\/uploads\/2015\/02\/serena04.jpg\" alt=\"Hotel La Serena\"\/><\/figure>\n\n\n<figure class=\"wp-block-image\"><img decoding=\"async\" src=\"\/wp-content\/uploads\/2015\/02\/serena05.jpg\" alt=\"Hotel La Serena\"\/><\/figure>\n\n\n<figure class=\"wp-block-image\"><img decoding=\"async\" src=\"\/wp-content\/uploads\/2015\/02\/serena06.jpg\" alt=\"Hotel La Serena\"\/><\/figure>\n\n<\/figure>\n\n<\/div>\n\n\n<div class=\"wp-block-column is-layout-flow wp-block-column-is-layout-flow\" style=\"flex-basis:40%\">\n\n<h3 class=\"wp-block-heading\">Description du projet<\/h3>\n\n\n<p><strong>Localisation<\/strong>Altea, vieille ville<br><strong>Type<\/strong>R\u00e9habilitation de la fa\u00e7ade et de la structure : R\u00e9habilitation de la fa\u00e7ade et de la structure : R\u00e9habilitation de la fa\u00e7ade et de la structure<br><strong>Utilisation<\/strong>H\u00f4tel-Restaurant<\/p>\n\n\n<p>R\u00e9novation int\u00e9grale de la fa\u00e7ade et de la structure de l'h\u00f4tel La Serena, situ\u00e9 dans la vieille ville d'Altea. Conservation des \u00e9l\u00e9ments originaux et int\u00e9gration de nouveaux mat\u00e9riaux.<\/p>\n\n<\/div>\n\n<\/div>","protected":false},"excerpt":{"rendered":"<p>Description du projet Emplacement : Altea, vieille villeType : R\u00e9novation de la fa\u00e7ade et de la structureUtilisation : H\u00f4tel-Restaurant R\u00e9novation compl\u00e8te de la fa\u00e7ade et de la structure<\/p>","protected":false},"featured_media":1314,"menu_order":0,"comment_status":"open","ping_status":"open","template":"","project-cat":[],"class_list":["post-373","portfolio","type-portfolio","status-publish","has-post-thumbnail","hentry"],"_links":{"self":[{"href":"https:\/\/rabassa.ventana.plus\/fr\/wp-json\/wp\/v2\/portfolio\/373","targetHints":{"allow":["GET"]}}],"collection":[{"href":"https:\/\/rabassa.ventana.plus\/fr\/wp-json\/wp\/v2\/portfolio"}],"about":[{"href":"https:\/\/rabassa.ventana.plus\/fr\/wp-json\/wp\/v2\/types\/portfolio"}],"replies":[{"embeddable":true,"href":"https:\/\/rabassa.ventana.plus\/fr\/wp-json\/wp\/v2\/comments?post=373"}],"wp:featuredmedia":[{"embeddable":true,"href":"https:\/\/rabassa.ventana.plus\/fr\/wp-json\/wp\/v2\/media\/1314"}],"wp:attachment":[{"href":"https:\/\/rabassa.ventana.plus\/fr\/wp-json\/wp\/v2\/media?parent=373"}],"wp:term":[{"taxonomy":"project-cat","embeddable":true,"href":"https:\/\/rabassa.ventana.plus\/fr\/wp-json\/wp\/v2\/project-cat?post=373"}],"curies":[{"name":"wp","href":"https:\/\/api.w.org\/{rel}","templated":true}]}}

Hôtel La Serena

<div class="wp-block-columns is-layout-flex wp-container-core-columns-is-layout-9d6595d7 wp-block-columns-is-layout-flex">

<div class="wp-block-column is-layout-flow wp-block-column-is-layout-flow" style="flex-basis:60%">

<figure class="wp-block-gallery has-nested-images columns-3 is-cropped wp-block-gallery-1 is-layout-flex wp-block-gallery-is-layout-flex">

<figure class="wp-block-image"><img decoding="async" src="/wp-content/uploads/2015/02/serena01.jpg" alt="Hotel La Serena"/></figure>


<figure class="wp-block-image"><img decoding="async" src="/wp-content/uploads/2015/02/serena02.jpg" alt="Hotel La Serena"/></figure>


<figure class="wp-block-image"><img decoding="async" src="/wp-content/uploads/2015/02/serena03.jpg" alt="Hotel La Serena"/></figure>


<figure class="wp-block-image"><img decoding="async" src="/wp-content/uploads/2015/02/serena04.jpg" alt="Hotel La Serena"/></figure>


<figure class="wp-block-image"><img decoding="async" src="/wp-content/uploads/2015/02/serena05.jpg" alt="Hotel La Serena"/></figure>


<figure class="wp-block-image"><img decoding="async" src="/wp-content/uploads/2015/02/serena06.jpg" alt="Hotel La Serena"/></figure>

</figure>

</div>


<div class="wp-block-column is-layout-flow wp-block-column-is-layout-flow" style="flex-basis:40%">

<h3 class="wp-block-heading">Description du projet</h3>


<p><strong>Localisation</strong>Altea, vieille ville<br><strong>Type</strong>Réhabilitation de la façade et de la structure : Réhabilitation de la façade et de la structure : Réhabilitation de la façade et de la structure<br><strong>Utilisation</strong>Hôtel-Restaurant</p>


<p>Rénovation intégrale de la façade et de la structure de l'hôtel La Serena, situé dans la vieille ville d'Altea. Conservation des éléments originaux et intégration de nouveaux matériaux.</p>

</div>

</div>

<p>Description du projet Emplacement : Altea, vieille villeType : Rénovation de la façade et de la structureUtilisation : Hôtel-Restaurant Rénovation complète de la façade et de la structure</p>
